{"id":2,"date":"2018-11-24T15:49:38","date_gmt":"2018-11-24T14:49:38","guid":{"rendered":"https:\/\/www.terapiauzaleznien.katowice.pl\/?page_id=2"},"modified":"2018-12-15T15:36:40","modified_gmt":"2018-12-15T14:36:40","slug":"kontakt","status":"publish","type":"page","link":"https:\/\/www.terapiauzaleznien.katowice.pl\/index.php\/kontakt\/","title":{"rendered":"Kontakt"},"content":{"rendered":"<p style=\"text-align: center;\">Gabinet znajduj\u0119 si\u0119 naprzeciw gie\u0142dy samochodowej w Mys\u0142owicach<\/p>\n<p style=\"text-align: center;\">40-400 Mys\u0142owice<\/p>\n<p style=\"text-align: center;\">ul Obrze\u017cna P\u00f3\u0142nocna 17\/219<\/p>\n<p style=\"text-align: center;\">tel. kom. 606 454 293<\/p>\n<p style=\"text-align: center;\">&nbsp; <iframe loading=\"lazy\" style=\"border: 0;\" src=\"https:\/\/www.google.com\/maps\/embed?pb=!1m18!1m12!1m3!1d2550.904415689036!2d19.13063491611234!3d50.25636947944908!2m3!1f0!2f0!3f0!3m2!1i1024!2i768!4f13.1!3m3!1m2!1s0x4716c535c4877907%3A0x4bc8c64e5016e352!2sPalasz+J%C3%B3zef.+Prywatny+gabinet+terapii+uzale%C5%BCnie%C5%84!5e0!3m2!1spl!2spl!4v1544881988448\" width=\"600\" height=\"450\" frameborder=\"0\" allowfullscreen=\"allowfullscreen\"><\/iframe><\/p>\n","protected":false},"excerpt":{"rendered":"<p>Gabinet znajduj\u0119 si\u0119 naprzeciw gie\u0142dy samochodowej w Mys\u0142owicach 40-400 Mys\u0142owice ul Obrze\u017cna P\u00f3\u0142nocna 17\/219 tel. kom. 606 454 293 &nbsp;<\/p>\n","protected":false},"author":1,"featured_media":0,"parent":0,"menu_order":0,"comment_status":"closed","ping_status":"open","template":"","meta":{"footnotes":""},"class_list":["post-2","page","type-page","status-publish","hentry"],"_links":{"self":[{"href":"https:\/\/www.terapiauzaleznien.katowice.pl\/index.php\/wp-json\/wp\/v2\/pages\/2","targetHints":{"allow":["GET"]}}],"collection":[{"href":"https:\/\/www.terapiauzaleznien.katowice.pl\/index.php\/wp-json\/wp\/v2\/pages"}],"about":[{"href":"https:\/\/www.terapiauzaleznien.katowice.pl\/index.php\/wp-json\/wp\/v2\/types\/page"}],"author":[{"embeddable":true,"href":"https:\/\/www.terapiauzaleznien.katowice.pl\/index.php\/wp-json\/wp\/v2\/users\/1"}],"replies":[{"embeddable":true,"href":"https:\/\/www.terapiauzaleznien.katowice.pl\/index.php\/wp-json\/wp\/v2\/comments?post=2"}],"version-history":[{"count":5,"href":"https:\/\/www.terapiauzaleznien.katowice.pl\/index.php\/wp-json\/wp\/v2\/pages\/2\/revisions"}],"predecessor-version":[{"id":78,"href":"https:\/\/www.terapiauzaleznien.katowice.pl\/index.php\/wp-json\/wp\/v2\/pages\/2\/revisions\/78"}],"wp:attachment":[{"href":"https:\/\/www.terapiauzaleznien.katowice.pl\/index.php\/wp-json\/wp\/v2\/media?parent=2"}],"curies":[{"name":"wp","href":"https:\/\/api.w.org\/{rel}","templated":true}]}}